131
In base 4, what is 32003311 + -3221222?
22122023
In base 16, what is -220ca65 + 4?
-220ca61
In base 3, what is -12102101012 - 100?
-12102101112
In base 14, what is -60616 - -554?
-600a2
In base 7, what is 1 + 600642111?
600642112
In base 12, what is -998a7 + 97?
-99810
In base 3, what is -2020112211122 + -10021?
-2020112221220
In base 5, what is -1121 + 320411102?
320404431
In base 10, what is 1 + 375044?
375045
In base 12, what is -762532 - -47?
-7624a7
In base 14, what is b + -858428?
-85841b
In base 14, what is 186 - 6b918?
-6b772
In base 15, what is dcd86c + 8?
dcd875
In base 15, what is -ee99e1 - -5?
-ee99db
In base 15, what is -92a874 + 1c?
-92a857
In base 12, what is -469bb410 + -2?
-469bb412
In base 10, what is 42521 - 3670?
38851
In base 5, what is 30 + -133001041334?
-133001041304
In base 7, what is 12151 - 64531?
-52350
In base 11, what is 64a + -489a3?
-48354
In base 13, what is -1c5c + -16598?
-18527
In base 15, what is -6 - 8bd6c33?
-8bd6c39
In base 13, what is 8a07 + -245?
8792
In base 13, what is 47749 - -9c?
47818
In base 3, what is -10 + -11120121011012?
-11120121011022
In base 12, what is 3240ab6 + -4?
3240ab2
In base 16, what is -5 + afd895?
afd890
In base 13, what is 313582a - 0?
313582a
In base 6, what is -1215123 + -3032?
-1222155
In base 8, what is 1 + -4362323?
-4362322
In base 7, what is -6344530 + 6634?
-6334563
In base 16, what is 2 + 342a44?
342a46
In base 5, what is 204 + 4124122?
4124331
In base 2, what is 11111010 + -10101101001011?
-10101001010001
In base 8, what is -50074 - -233?
-47641
In base 12, what is -3bb + 28b?
-130
In base 3, what is -10002012 + -11221110?
-22000122
In base 5, what is -2 - -21420244?
21420242
In base 12, what is -404745a - 126?
-4047584
In base 12, what is 74a1a - 87?
74953
In base 14, what is -4 + -19c5cdb5?
-19c5cdb9
In base 5, what is 3444100 + 1142?
4000242
In base 13, what is -5 - -647a856?
647a851
In base 15, what is -99c7b8 + d?
-99c7aa
In base 10, what is -469315 + 159?
-469156
In base 2, what is 1000110 - 110100011110011?
-110100010101101
In base 14, what is 1c387 - 2bb?
1c0aa
In base 5, what is -3 - -23313403221?
23313403213
In base 10, what is 2 + 8334745?
8334747
In base 6, what is 13405043422 - -5?
13405043431
In base 7, what is -15352 - -224302?
205620
In base 5, what is 412132104 + 4040?
412141144
In base 2, what is -100101011000111110110100 - 0?
-100101011000111110110100
In base 10, what is -14448 + -216?
-14664
In base 14, what is 1a0 - -2291c?
22abc
In base 13, what is -21073 - 31?
-210a4
In base 5, what is -142 - 4421423324?
-4421424021
In base 4, what is 210313320222 - -11?
210313320233
In base 2, what is -100011100 - -1001001001001000100010?
1001001001000100000110
In base 9, what is -60863 + 225?
-60637
In base 13, what is -105968 + -7?
-105972
In base 10, what is -376287249 - 3?
-376287252
In base 5, what is 40134 + 13413?
104102
In base 7, what is 10410462 + -3?
10410456
In base 11, what is -4 - 9124808?
-9124811
In base 10, what is 4779 - 16038?
-11259
In base 12, what is -1827580 - 2?
-1827582
In base 5, what is 23221000 - -3131?
23224131
In base 2, what is -110011010111101 + 10100101?
-110011000011000
In base 13, what is -12 + -83424?
-83436
In base 6, what is 2003112 - 13?
2003055
In base 10, what is -12 + -10144982?
-10144994
In base 4, what is 132231231213 + -3?
132231231210
In base 15, what is 35c0 + -13a?
3485
In base 9, what is 1 - 30102576?
-30102575
In base 10, what is -8 + -119855?
-119863
In base 14, what is -15 + -4745?
-475a
In base 3, what is -100 + -22101210212010000?
-22101210212010100
In base 12, what is -1a113 - 3805?
-21918
In base 5, what is 10 - -223331113311?
223331113321
In base 13, what is 21171b5 + 1?
21171b6
In base 15, what is -7dd4ee9 - 0?
-7dd4ee9
In base 9, what is -286 - -8402?
8105
In base 12, what is 2 - 1312b30?
-1312b2a
In base 3, what is 12 - -12001200120122110?
12001200120122122
In base 15, what is -b - -2075d67?
2075d5b
In base 8, what is -1577425 + -22?
-1577447
In base 12, what is -491 - -19b05?
19634
In base 4, what is -302130 - -11233232?
10331102
In base 12, what is a889 - 13b70?
-52a3
In base 2, what is 100 + 100111000010111110100011000?
100111000010111110100011100
In base 4, what is 2030321201212 + -2?
2030321201210
In base 14, what is -3 + 2677a92?
2677a8d
In base 11, what is 56497a + -88?
5648a2
In base 12, what is 1562b1 - 32?
15627b
In base 6, what is 251 - 54050?
-53355
In base 8, what is 145424 - 335?
145067
In base 13, what is 3bc - 1652?
-1263
In base 8, what is 44776236 - 7?
44776227
In base 15, what is 19024 - 4edd?
14036
In base 6, what is -14521541 - 3?
-14521544
In base 14, what is 3 - 69b58d?
-69b58a
In base 3, what is 1 + 2001122110020100?
2001122110020101
In base 13, what is -2550 + 1615?
-c38
In base 2, what is -11011111000000011111110 - -1?
-11011111000000011111101
In base 9, what is -54 + 68028?
67864
In base 10, what is 1221 - 55150?
-53929
In base 14, what is 1b71 + 120a6?
13c37
In base 7, what is -5 - -35302006?
35302001
In base 3, what is -2 - -1200111002101?
1200111002022
In base 8, what is 6576 + -30?
6546
In base 9, what is -4 + 3281133?
3281128
In base 7, what is -1624 + 12?
-1612
In base 16, what is -e81e + e5?
-e739
In base 9, what is 71 + 5347570?
5347651
In base 3, what is 100020211102 + -1201?
100020202201
In base 3, what is 1201021002100022 + -110?
1201021002022212
In base 14, what is -c604 - 6ab?
-ccb1
In base 10, what is 38 - -4546752?
4546790
In base 15, what is 3 + 91c4a3?
91c4a6
In base 14, what is 69341b - -44?
693461
In base 5, what is -4 - 22220031110?
-22220031114
In base 16, what is c6a15f0 + 8?
c6a15f8
In base 6, what is 11 + -1055301553?
-1055301542
In base 11, what is -5 + 33940256?
33940251
In base 12, what is -33b7515 - 2?
-33b7517
In base 15, what is 315e3 - -2c?
31620
In base 5, what is -2 + 320331310401?
320331310344
In base 13, what is b416 + -205?
b211
In base 11, what is 131660 + 6?
131666
In base 11, what is -a - -25336238?
25336229
In base 3, what is -1110122101110120 - 2?
-1110122101110122
In base 16, what is -14ff898 - 18?
-14ff8b0
In base 2, what is 101111 - -1101011101100011010?
1101011101101001001
In base 13, what is -2 - 47c82c0?
-47c82c2
In base 16, what is 51 - c6acb?
-c6a7a
In base 9, what is -521 - -25384?
24763
In base 6, what is -21 + -133304220?
-133304241
In base 14, what is -2100 + 201c6?
1c0c6
In base 10, what is 14009 - 8?
14001
In base 7, what is -1614021 + 3512?
-1610206
In base 8, what is -2640 - -362307?
357447
In base 6, what is 33033200 - 30?
33033130
In base 2, what is -10110001010011000111 + -11001110?
-10110001010110010101
In base 9, what is 1251713 - 3?
1251710
In base 10, what is -123 + 6729?
6606
In base 5, what is 142334341034 - -1?
142334341040
In base 13, what is -166c316 - -2?
-166c314
In base 7, what is -24265 + -1500?
-26065
In base 9, what is -278 - -1205363?
1205074
In base 13, what is 756 - -1c9?
952
In base 16, what is -3 + -a982e0?
-a982e3
In base 3, what is -10221 - 1202022?
-1220020
In base 13, what is -9312c72a + -1?
-9312c72b
In base 7, what is 14655301 - -315?
14655616
In base 13, what is 3c3c + -69bb?
-2a7c
In base 8, what is 220 + -417533?
-417313
In base 8, what is -1010 - -232120?
231110
In base 6, what is 1 - -45444140042?
45444140043
In base 2, what is -10000000000011101001 - 10?
-10000000000011101011
In base 3, what is 1002100 - 1020221221211?
-1020220212111
In base 5, what is 1401303 + 101321?
2003124
In base 10, what is -456 - 48951?
-49407
In base 16, what is -4921 + ad?
-4874
In base 12, what is -26a1 - -15b6?
-10a7
In base 15, what is 5c7e3 + 422?
5cc15
In base 11, what is -3266 + -45901?
-49067
In base 2, what is 100100111001110111010110110111 + 10?
100100111001110111010110111001
In base 15, what is -34d621 + -2b?
-34d64c
In base 8, what is 25671 + -634?
25035
In base 12, what is 0 + a68b1a2?
a68b1a2
In base 9, what is 70245875 - 7?
70245867
In base 16, what is -8eb25f - -4?
-8eb25b
In base 9, what is 31454114 + 0?
31454114
In base 11, what is 2 - 615957?
-615955
In base 6, what is -2033231055 - 2?
-2033231101
In base 14, what is 65a3 + -323?
6280
In base 10, what is 5 + -719176?
-719171
In base 4, what is -132 + 20101322133?
20101322001
In base 2, what is -10 + -1111001110010101010110000?
-11110